ose 0*v = 2*d + 3*v - 89, -3*d = 4*v - 132. What is the units digit of d?
0
Let p(k) = 11*k - 3. What is the units digit of p(4)?
1
Let n(a) = a**2 + 3*a - 15. What is the tens digit of n(8)?
7
Suppose 4*g = -5*z + 72, 5*z + 2*g + g - 69 = 0. Suppose -4*s + z = -y - 10, 5*y + 8 = 3*s. What is the units digit of ((-8)/s)/((-5)/15)?
4
Let d(y) = -y**3 - 2*y**2 + y - 1. Let q be d(-3). Suppose 4*g + 3*r + 49 = 2*g, -43 = 4*g - q*r. Let x = g + 36. What is the units digit of x?
9
Let t be (-3)/(-12)*-10*2. Let r(l) = -l**3 - 4*l**2 + l - 4. What is the units digit of r(t)?
6
Let b = 2 + 0. Suppose 4 = -f, -b*f - 38 = -2*p + f. What is the units digit of p?
3
Suppose -2*p = -33 - 7. Suppose -p = -2*s + 5*i + 28, 3*i - 58 = -5*s. What is the units digit of s?
4
Suppose 15 = h - 16. What is the units digit of h?
1
Let j = 28 - 8. Suppose 0 = -5*z + z + j. Suppose -4*m + 3 = x - 1, z*x = 0. What is the units digit of m?
1
Suppose -4*z = -4*w + z + 1, 3*w - 4*z = 0. Let h be 14*-2*(-2)/w. What is the units digit of (-2)/(-2*2/h)?
7
Suppose -m - m - 82 = -s, -2*s - 3*m = -171. What is the tens digit of s?
8
Let u be ((-6)/24)/(2/(-24)). Suppose 5*i + 0*w - 99 = w, u*i - 5*w - 55 = 0. What is the tens digit of i?
2
Suppose 5*g = 8*g + 9. Let o = 12 + g. What is the units digit of o?
9
Let t(q) = -2*q**3 - 5*q**2 + 7. What is the units digit of t(-4)?
5
Let q(u) = -11*u**3 + 1. Let c be q(1). Let l(d) = -d - 7. Let t be l(c). Suppose -33 = -t*o - 0*o. What is the units digit of o?
1
Let t(u) = u + 2. What is the tens digit of t(12)?
1
Let w(a) = a - 1. Let k be w(5). Suppose 4 = 4*o - k. What is the units digit of (o/(-4))/((-1)/12)?
6
What is the tens digit of (-6)/8 + 440/32?
1
Let f(z) = -6*z - 26. What is the tens digit of f(-13)?
5
Let s(x) = -x**2 + 21*x - 33. What is the units digit of s(16)?
7
Let s(z) be the first derivative of z**3/3 - 3*z**2/2 - z - 10. Let d(i) = i**2 + i - 1. Let c be d(-3). What is the units digit of s(c)?
9
Suppose 4*h - 3*h = 0. What is the units digit of (h - -1) + (6 - 6)?
1
What is the tens digit of 16/(-24) - (-146)/3?
4
Let a(f) = 17*f - 1. What is the units digit of a(1)?
6
Let u = -1 - -3. Suppose -5*p = -u*q - 22, 4 + 13 = 3*q + 5*p. What is the units digit of (6*q)/3 + 6?
4
Let c(z) = 20*z - 63. What is the tens digit of c(15)?
3
Suppose -6 + 24 = 2*x. Let k(a) = 11*a**2 + 8*a - 5. Let g(r) = 5*r**2 + 4*r - 2. Let i(m) = x*g(m) - 4*k(m). What is the units digit of i(-5)?
7
Let w(g) = -g**2 + g + 3. What is the units digit of w(2)?
1
Suppose 5*t - p + 0 - 94 = 0, 3*t + 3*p - 60 = 0. Let r = 31 - t. Let f = -6 + r. What is the units digit of f?
6
Let h = 5 - 1. Suppose 4*a + a = -b + 19, -2*b - 10 = -2*a. What is the units digit of 8 + -2 - h/a?
5
Suppose 5*s - 495 = -0*s. What is the units digit of s/6 - (-3)/(-2)?
5
Let y(x) = -2*x**3 - 2*x**2 + x + 1. Suppose -3*s - 4 = -s. What is the units digit of y(s)?
7
Suppose 5*v - v = -4*h - 208, 4*h + 58 = -v. Let m = v - -84. What is the tens digit of m?
3
Suppose 0 = 5*f + q - 224, -5*q - 185 = -2*f - 2*f. What is the tens digit of f?
4
Let o(q) be the first derivative of -q**4/4 + 14*q**3/3 + 2*q - 3. What is the units digit of o(14)?
2
Let k = 16 + 22. What is the tens digit of k?
3
Suppose -7 = -2*w - v + 7, 4*w = 2*v + 20. Suppose -2*c = -w*c + 96. Let h = c + -13. What is the units digit of h?
1
Suppose 2*a = -2*a + 24. Suppose 0 = -11*h + a*h + 30. What is the units digit of h?
6
Let n(b) be the third derivative of b**6/24 - b**5/30 - b**4/24 - b**3/6 + 6*b**2. What is the units digit of n(2)?
9
Let o(j) be the first derivative of 3*j**2 + 2*j + 2. What is the units digit of o(5)?
2
Let k = 24 - 14. Suppose -4*m = -62 + k. Suppose -t + 3 = y, 0 = -0*t + 3*t + 2*y - m. What is the units digit of t?
7
Let y(k) = k**3 - 3*k**2 + 2*k + 7. What is the tens digit of y(4)?
3
Suppose 4*j - 2*j = 0. Let z(w) = w - 6 - 2*w + j*w - 2*w. What is the units digit of z(-5)?
9
Let r be 5 - 3/1 - -4. Suppose -3*t + 33 = -r. What is the units digit of t?
3
Suppose -40 = 5*d - 185. What is the units digit of d?
9
Suppose 0 = -l - 3*o + 137, -4*o = -l - o + 167. What is the hundreds digit of l?
1
What is the hundreds digit of 1217/5 - (-4)/(-10)?
2
Let z(p) = -p - 4. Let x be z(-7). Let s(w) = w**3 + w**2. Let f be s(x). Let d = -26 + f. What is the tens digit of d?
1
Let b(m) = m**3 - 7*m**2 + m + 6. Let i be b(7). Let x(h) = 27*h + 1. Let z be x(1). Let g = z - i. What is the units digit of g?
5
Let i(g) = 17*g - 33. What is the units digit of i(7)?
6
Suppose 4*u - 4 = -n + 2, 4*u = -5*n + 46. What is the units digit of n?
0
Suppose 306 + 24 = 11*k. What is the tens digit of k?
3
Suppose 0 = -5*h + 6 + 14, -2*c = 5*h - 108. Suppose 4*a - c = -0*a. What is the tens digit of a?
1
What is the tens digit of (2 - (-56)/(-20))*-30?
2
Let h(i) = 2*i - 4. Let k(l) = l**3 + 3*l**2 - 3*l - 4. Let u be k(-3). Suppose -10 = s - 2*s + u*y, -2*s + 7 = 3*y. What is the units digit of h(s)?
6
Let j = 104 - 101. What is the units digit of j?
3
Let y = -3 + 27. What is the tens digit of y?
2
Let c(n) = n + 6. Let q be c(-7). Let i = q - -3. What is the units digit of (i/(-5))/((-2)/10)?
2
Let x = -17 + -9. Let l = x - -36. What is the units digit of l?
0
Let w(c) be the third derivative of -c**6/240 - c**5/24 + c**4/6 - 2*c**2. Let h(j) be the second derivative of w(j). What is the units digit of h(-4)?
7
Suppose -2*w = -3*u - 167, -90 = 5*w + 4*u - 542. What is the tens digit of w?
8
Suppose -p + 6*p = 15, 4*p = -5*v + 87. What is the tens digit of v?
1
Let y = -2 - -33. What is the units digit of y?
1
Let n = -4 + 17. Suppose 5*f - n = 4*f. What is the units digit of f?
3
Let q be -3 - -2*(-21)/(-6). Suppose -4*m + 44 = d, 0 = -3*m + q*m + 3*d - 22. What is the tens digit of m?
1
What is the tens digit of (-2)/(-2*3/198)?
6
Let o(u) = -u**2 - 5*u + 8. Let g be o(-6). Suppose 15 = 3*r - 3*c, 3*c + g*c - 38 = -2*r. What is the units digit of r?
9
What is the units digit of 19 - -1*(-2 + 1)?
8
Let n = -45 - -31. Let c = n + 6. What is the units digit of (-2)/(-4)*-1*c?
4
What is the hundreds digit of 1/(((-5)/(-20))/((-202)/(-8)))?
1
Let k(u) = -u**3 + 2*u**2 + 1. Suppose 0*b = 2*b - 6. Suppose b*o = 2*o + 2. What is the units digit of k(o)?
1
Suppose -15 = 3*d + 3*h, -5*d - 15 = 3*h + 10. Let r = d - -13. What is the units digit of r?
8
Suppose -2*q - 2*q + 353 = -5*r, -9 = -3*r. Suppose 0 = -9*p + 11*p - q. What is the tens digit of p?
4
Let o(f) = f**3 + 6*f**2 + 5*f - 2. Suppose -3*y = 3*d + 15, 3*d + 14 - 6 = 4*y. What is the tens digit of o(d)?
1
Suppose 195 = 5*d - 2*k - 875, -5*k = 4*d - 889. What is the units digit of d?
6
Let b = 6 + -9. Let k = b + 16. What is the tens digit of k?
1
Let w(l) be the first derivative of -4*l**2 + 1/3*l**3 - 3*l - 2. What is the units digit of w(9)?
6
Let v be 2/(-4)*(-4 - 2). Suppose -42 = -3*f - v. What is the units digit of f?
3
Suppose 4*d - 2*d - 104 = 0. Suppose z = 3*g + g + 24, 3*g + d = 5*z. What is the units digit of z?
8
Let p = 621 + -352. What is the units digit of p?
9
Suppose 5*f - 13 - 2 = 0. Suppose 80 = -f*y + 8*y. What is the units digit of y?
6
Suppose 2*b = 7*b - 395. What is the units digit of b?
9
Let x = -15 - -25. Suppose 0*u + x = 2*u. Suppose u*c = 4*c, c + 45 = 5*w. What is the units digit of w?
9
Let n = 3 + 0. Let v = n + 7. Suppose -4*a + 6 = l, 0 = 3*l + 8*a - 4*a - v. What is the units digit of l?
2
Let v be (-4)/10 + 108/45. Suppose 0 = -v*t + 21 + 43. What is the units digit of t?
2
Let l(f) = f**3 - 3*f**2 - 3*f - 4. Let p be l(4). Suppose 2*t - 3*t = p. Let c = 2 - t. What is the units digit of c?
2
Let m = 160 - 30. What is the units digit of m?
0
Let h(s) = -s**3 - 3*s - 1. Let r be h(-2). Suppose 3*p + 2*g + 17 = -2*g, -5*g - r = p. What is the units digit of (2 - p)*(-8)/(-10)?
4
Suppose -27 = -4*q - 2*n - n, -1 = 3*q - 2*n. Suppose 2*y = 3*y - q. What is the units digit of y?
3
Let p = 69 + -31. What is the units digit of p?
8
Suppose -6*r + 24 = -4*m - 2*r, -5*m = 3*r + 14. Let k = 8 - m. What is the tens digit of k?
1
Let b be 2 - (-7)/(7/(-2)). Suppose b = h + 3, -4*g + 0*g + 90 = -2*h. What is the units digit of g?
1
Let t(j) = 10*j**2 + 7*j. Let k(q) = -3*q**2 - 2*q. Let u(a) = -7*k(a) - 2*t(a). What is the